{"id":188,"date":"2023-06-17T19:53:14","date_gmt":"2023-06-17T19:53:14","guid":{"rendered":"https:\/\/marmoli.net\/?page_id=188"},"modified":"2023-06-19T05:43:40","modified_gmt":"2023-06-19T05:43:40","slug":"serviciios","status":"publish","type":"page","link":"https:\/\/marmoli.net\/?page_id=188","title":{"rendered":"Servicios"},"content":{"rendered":"\t\t<div data-elementor-type=\"wp-page\" data-elementor-id=\"188\" class=\"elementor elementor-188\">\n\t\t\t\t<div class=\"elementor-element elementor-element-2c85588 e-flex e-con-boxed e-con e-parent\" data-id=\"2c85588\" data-element_type=\"container\">\n\t\t\t\t\t<div class=\"e-con-inner\">\n\t\t\t\t<div class=\"elementor-element elementor-element-122c94a elementor-widget elementor-widget-heading\" data-id=\"122c94a\" data-element_type=\"widget\" data-widget_type=\"heading.default\">\n\t\t\t\t<div class=\"elementor-widget-container\">\n\t\t\t<style>\/*! elementor - v3.21.0 - 25-04-2024 *\/\n.elementor-heading-title{padding:0;margin:0;line-height:1}.elementor-widget-heading .elementor-heading-title[class*=elementor-size-]>a{color:inherit;font-size:inherit;line-height:inherit}.elementor-widget-heading .elementor-heading-title.elementor-size-small{font-size:15px}.elementor-widget-heading .elementor-heading-title.elementor-size-medium{font-size:19px}.elementor-widget-heading .elementor-heading-title.elementor-size-large{font-size:29px}.elementor-widget-heading .elementor-heading-title.elementor-size-xl{font-size:39px}.elementor-widget-heading .elementor-heading-title.elementor-size-xxl{font-size:59px}<\/style><h2 class=\"elementor-heading-title elementor-size-default\">Servicios<\/h2>\t\t<\/div>\n\t\t\t\t<\/div>\n\t\t\t\t<div class=\"elementor-element elementor-element-e9c13a3 elementor-widget elementor-widget-image\" data-id=\"e9c13a3\" data-element_type=\"widget\" data-widget_type=\"image.default\">\n\t\t\t\t<div class=\"elementor-widget-container\">\n\t\t\t<style>\/*! elementor - v3.21.0 - 25-04-2024 *\/\n.elementor-widget-image{text-align:center}.elementor-widget-image a{display:inline-block}.elementor-widget-image a img[src$=\".svg\"]{width:48px}.elementor-widget-image img{vertical-align:middle;display:inline-block}<\/style>\t\t\t\t\t\t\t\t\t\t<img decoding=\"async\" src=\"https:\/\/marmoli.net\/wp-content\/uploads\/2023\/06\/IMG_4425-1-scaled.jpg\" title=\"\" alt=\"\" loading=\"lazy\" \/>\t\t\t\t\t\t\t\t\t\t\t\t\t<\/div>\n\t\t\t\t<\/div>\n\t\t\t\t<div class=\"elementor-element elementor-element-a021330 elementor-widget elementor-widget-text-editor\" data-id=\"a021330\" data-element_type=\"widget\" data-widget_type=\"text-editor.default\">\n\t\t\t\t<div class=\"elementor-widget-container\">\n\t\t\t<style>\/*! elementor - v3.21.0 - 25-04-2024 *\/\n.elementor-widget-text-editor.elementor-drop-cap-view-stacked .elementor-drop-cap{background-color:#69727d;color:#fff}.elementor-widget-text-editor.elementor-drop-cap-view-framed .elementor-drop-cap{color:#69727d;border:3px solid;background-color:transparent}.elementor-widget-text-editor:not(.elementor-drop-cap-view-default) .elementor-drop-cap{margin-top:8px}.elementor-widget-text-editor:not(.elementor-drop-cap-view-default) .elementor-drop-cap-letter{width:1em;height:1em}.elementor-widget-text-editor .elementor-drop-cap{float:left;text-align:center;line-height:1;font-size:50px}.elementor-widget-text-editor .elementor-drop-cap-letter{display:inline-block}<\/style>\t\t\t\t<p class=\"p1\">El proceso de elaboraci\u00f3n del m\u00e1rmol se inicia en la cantera con su extracci\u00f3n en grandes bloques, donde posteriormente ir\u00e1n a la f\u00e1brica del m\u00e1rmol para su transformaci\u00f3n. De dicho proceso se obtiene tabla y losa, cuyas medidas depender\u00e1n del uso que se le vaya a dar.<\/p><p class=\"p1\">Por ejemplo, de las tablas de m\u00e1rmol, que tienen unas dimensiones aproximadas de 250\u00d7160 cm, podemos obtener lo siguiente:<\/p><ul class=\"ul1\"><li class=\"li1\"><b>Mobiliario<br \/><\/b><\/li><li class=\"li1\"><b>Cocinas y ba\u00f1os<br \/><\/b><\/li><li class=\"li1\"><b>Escaleras<br \/><\/b><\/li><li class=\"li1\"><b>Accesorios<br \/><\/b><\/li><li class=\"li1\"><b>Pavimentos<br \/><\/b><\/li><li class=\"li1\"><b>Revestimientos<\/b><\/li><\/ul>\t\t\t\t\t\t<\/div>\n\t\t\t\t<\/div>\n\t\t\t\t\t<\/div>\n\t\t\t\t<\/div>\n\t\t\t\t<\/div>\n\t\t","protected":false},"excerpt":{"rendered":"<p>Servicios El proceso de elaboraci\u00f3n del m\u00e1rmol se inicia en la cantera con su extracci\u00f3n en grandes bloques, donde posteriormente ir\u00e1n a la f\u00e1brica del m\u00e1rmol para su transformaci\u00f3n. De dicho proceso se obtiene tabla y losa, cuyas medidas depender\u00e1n del uso que se le vaya a dar. Por ejemplo, de las tablas de m\u00e1rmol, &hellip; <\/p>\n<p class=\"link-more\"><a href=\"https:\/\/marmoli.net\/?page_id=188\" class=\"more-link\">Continue reading<span class=\"screen-reader-text\"> &#8220;Servicios&#8221;<\/span><\/a><\/p>\n","protected":false},"author":1,"featured_media":0,"parent":0,"menu_order":0,"comment_status":"closed","ping_status":"closed","template":"","meta":{"footnotes":""},"class_list":["post-188","page","type-page","status-publish","hentry"],"_links":{"self":[{"href":"https:\/\/marmoli.net\/index.php?rest_route=\/wp\/v2\/pages\/188","targetHints":{"allow":["GET"]}}],"collection":[{"href":"https:\/\/marmoli.net\/index.php?rest_route=\/wp\/v2\/pages"}],"about":[{"href":"https:\/\/marmoli.net\/index.php?rest_route=\/wp\/v2\/types\/page"}],"author":[{"embeddable":true,"href":"https:\/\/marmoli.net\/index.php?rest_route=\/wp\/v2\/users\/1"}],"replies":[{"embeddable":true,"href":"https:\/\/marmoli.net\/index.php?rest_route=%2Fwp%2Fv2%2Fcomments&post=188"}],"version-history":[{"count":19,"href":"https:\/\/marmoli.net\/index.php?rest_route=\/wp\/v2\/pages\/188\/revisions"}],"predecessor-version":[{"id":447,"href":"https:\/\/marmoli.net\/index.php?rest_route=\/wp\/v2\/pages\/188\/revisions\/447"}],"wp:attachment":[{"href":"https:\/\/marmoli.net\/index.php?rest_route=%2Fwp%2Fv2%2Fmedia&parent=188"}],"curies":[{"name":"wp","href":"https:\/\/api.w.org\/{rel}","templated":true}]}}